{"id":2267,"date":"2024-01-23T21:34:33","date_gmt":"2024-01-23T21:34:33","guid":{"rendered":"https:\/\/see-ec.org\/wordpress\/?post_type=product&#038;p=2267"},"modified":"2025-03-12T14:14:19","modified_gmt":"2025-03-12T19:14:19","slug":"introduccion-a-programacion-con-python-y-chatgpt-de-copiloto","status":"publish","type":"product","link":"https:\/\/see-ec.org\/wordpress\/producto\/introduccion-a-programacion-con-python-y-chatgpt-de-copiloto\/","title":{"rendered":"Introduccion a programaci\u00f3n con Python y Chatgpt de copiloto"},"content":{"rendered":"<p>En este curso, los estudiantes ser\u00e1n introducidos al fascinante mundo del lenguaje de programaci\u00f3n Python. El programa est\u00e1 dise\u00f1ado para proporcionar a los estudiantes las herramientas fundamentales necesarias para comprender y crear programas en Python, abordando desde los conceptos b\u00e1sicos hasta aspectos m\u00e1s avanzados. Adem\u00e1s, se les ense\u00f1ar\u00e1 a aprovechar las bibliotecas m\u00e1s relevantes de Python para el an\u00e1lisis de datos y la visualizaci\u00f3n. En este contexto, ChatGPT se presenta como un recurso valioso para los estudiantes al ofrecer una comprensi\u00f3n m\u00e1s profunda de los conceptos de programaci\u00f3n y proporcionar soluciones eficientes a los posibles desaf\u00edos que puedan surgir. Su capacidad para generar c\u00f3digo autom\u00e1ticamente tambi\u00e9n beneficia a aquellos estudiantes que est\u00e1n en la fase inicial de aprender Python, brind\u00e1ndoles ejemplos concretos y aplicables a sus estudios.<\/p>\n<h3>Contenido<\/h3>\n<ul>\n<li>Introducci\u00f3n a Python:\n<ul>\n<li>Sintaxis<\/li>\n<li>Tipos de datos<\/li>\n<li>Variables<\/li>\n<li>Operadores<\/li>\n<li>Condicionales<\/li>\n<li>Ciclos<\/li>\n<li>Funciones<\/li>\n<li>M\u00f3dulos<\/li>\n<li>Excepciones<\/li>\n<\/ul>\n<\/li>\n<li>Trabajar con datos en Python:\n<ul>\n<li>Estructuras de datos<\/li>\n<li>Listas<\/li>\n<li>Tuplas<\/li>\n<li>Conjuntos<\/li>\n<li>Diccionarios<\/li>\n<\/ul>\n<\/li>\n<li>Bibliotecas importantes de Python para el an\u00e1lisis de datos y la visualizaci\u00f3n:\n<ul>\n<li>NumPy<\/li>\n<li>Pandas<\/li>\n<li>Matplotlib.<\/li>\n<\/ul>\n<\/li>\n<li>Utilizar ChatGPT como copiloto para ayudar en la resoluci\u00f3n de problemas y dudas. Introducci\u00f3n a Pandas<\/li>\n<\/ul>\n","protected":false},"excerpt":{"rendered":"<h3>Capacitador<br \/>\nRoberto Esteves, Ing.<\/h3>\n<p>Ing. Sistemas por vocaci\u00f3n y marketero por decisi\u00f3n, tiene +20 a\u00f1os de experiencia enMarketing Digital en banca, junto a manejo de innovaci\u00f3n y tecnolog\u00eda en \u00e1reas como medios de comunicaci\u00f3n y empresas de telecomunicaciones.<br \/>\nSubdirector del n\u00facleo Guayas de la Sociedad Ecuatoriana de Estad\u00edstica, cuenta con un Nanodegree de Udacity en Data Science, certificado por la SEE, IBM, Platzi en Ciencia de Datos.<br \/>\nConsultor de marketing y comunicaci\u00f3n, se ha dedicado al estudio del comportamiento de los usuarios en redes sociales para encontrar insights que permitan elaborar mejores campa\u00f1as.<\/p>\n","protected":false},"featured_media":2269,"template":"","meta":{"nf_dc_page":"","content-type":"","om_disable_all_campaigns":false,"_uag_custom_page_level_css":"","_monsterinsights_skip_tracking":false,"_monsterinsights_sitenote_active":false,"_monsterinsights_sitenote_note":"","_monsterinsights_sitenote_category":0,"_uf_show_specific_survey":0,"_uf_disable_surveys":false},"product_brand":[],"product_cat":[37,38,44],"product_tag":[],"class_list":{"0":"post-2267","1":"product","2":"type-product","3":"status-publish","4":"has-post-thumbnail","6":"product_cat-inteligencia-artificial","7":"product_cat-programacion","8":"product_cat-python","10":"first","11":"outofstock","12":"shipping-taxable","13":"product-type-simple"},"aioseo_notices":[],"uagb_featured_image_src":{"full":["https:\/\/i0.wp.com\/see-ec.org\/wordpress\/wp-content\/uploads\/2024\/01\/INTRODUCCION-A-PROGRAMACION-CON-PYTHON-Y-CHATGPT-DE-COPILOTO.png?fit=1000%2C1000&ssl=1",1000,1000,false],"thumbnail":["https:\/\/i0.wp.com\/see-ec.org\/wordpress\/wp-content\/uploads\/2024\/01\/INTRODUCCION-A-PROGRAMACION-CON-PYTHON-Y-CHATGPT-DE-COPILOTO.png?resize=150%2C150&ssl=1",150,150,true],"medium":["https:\/\/i0.wp.com\/see-ec.org\/wordpress\/wp-content\/uploads\/2024\/01\/INTRODUCCION-A-PROGRAMACION-CON-PYTHON-Y-CHATGPT-DE-COPILOTO.png?fit=300%2C300&ssl=1",300,300,true],"medium_large":["https:\/\/i0.wp.com\/see-ec.org\/wordpress\/wp-content\/uploads\/2024\/01\/INTRODUCCION-A-PROGRAMACION-CON-PYTHON-Y-CHATGPT-DE-COPILOTO.png?fit=678%2C678&ssl=1",678,678,true],"large":["https:\/\/i0.wp.com\/see-ec.org\/wordpress\/wp-content\/uploads\/2024\/01\/INTRODUCCION-A-PROGRAMACION-CON-PYTHON-Y-CHATGPT-DE-COPILOTO.png?fit=678%2C678&ssl=1",678,678,true],"1536x1536":["https:\/\/i0.wp.com\/see-ec.org\/wordpress\/wp-content\/uploads\/2024\/01\/INTRODUCCION-A-PROGRAMACION-CON-PYTHON-Y-CHATGPT-DE-COPILOTO.png?fit=1000%2C1000&ssl=1",1000,1000,true],"2048x2048":["https:\/\/i0.wp.com\/see-ec.org\/wordpress\/wp-content\/uploads\/2024\/01\/INTRODUCCION-A-PROGRAMACION-CON-PYTHON-Y-CHATGPT-DE-COPILOTO.png?fit=1000%2C1000&ssl=1",1000,1000,true],"post-thumbnail":["https:\/\/i0.wp.com\/see-ec.org\/wordpress\/wp-content\/uploads\/2024\/01\/INTRODUCCION-A-PROGRAMACION-CON-PYTHON-Y-CHATGPT-DE-COPILOTO.png?resize=150%2C150&ssl=1",150,150,true],"gurukul-related":["https:\/\/i0.wp.com\/see-ec.org\/wordpress\/wp-content\/uploads\/2024\/01\/INTRODUCCION-A-PROGRAMACION-CON-PYTHON-Y-CHATGPT-DE-COPILOTO.png?resize=200%2C125&ssl=1",200,125,true],"woocommerce_thumbnail":["https:\/\/see-ec.org\/wordpress\/wp-content\/uploads\/2024\/01\/INTRODUCCION-A-PROGRAMACION-CON-PYTHON-Y-CHATGPT-DE-COPILOTO-300x300.png",300,300,true],"woocommerce_single":["https:\/\/see-ec.org\/wordpress\/wp-content\/uploads\/2024\/01\/INTRODUCCION-A-PROGRAMACION-CON-PYTHON-Y-CHATGPT-DE-COPILOTO.png",600,600,false],"woocommerce_gallery_thumbnail":["https:\/\/see-ec.org\/wordpress\/wp-content\/uploads\/2024\/01\/INTRODUCCION-A-PROGRAMACION-CON-PYTHON-Y-CHATGPT-DE-COPILOTO-100x100.png",100,100,true]},"uagb_author_info":{"display_name":"see.ecuador2","author_link":"https:\/\/see-ec.org\/wordpress\/author\/"},"uagb_comment_info":0,"uagb_excerpt":"Capacitador Roberto Esteves, Ing. Ing. Sistemas por vocaci\u00f3n y marketero por decisi\u00f3n, tiene +20 a\u00f1os de experiencia enMarketing Digital en banca, junto a manejo de innovaci\u00f3n y tecnolog\u00eda en \u00e1reas como medios de comunicaci\u00f3n y empresas de telecomunicaciones. Subdirector del n\u00facleo Guayas de la Sociedad Ecuatoriana de Estad\u00edstica, cuenta con un Nanodegree de Udacity en&hellip;","jetpack_sharing_enabled":true,"_links":{"self":[{"href":"https:\/\/see-ec.org\/wordpress\/wp-json\/wp\/v2\/product\/2267","targetHints":{"allow":["GET"]}}],"collection":[{"href":"https:\/\/see-ec.org\/wordpress\/wp-json\/wp\/v2\/product"}],"about":[{"href":"https:\/\/see-ec.org\/wordpress\/wp-json\/wp\/v2\/types\/product"}],"wp:featuredmedia":[{"embeddable":true,"href":"https:\/\/see-ec.org\/wordpress\/wp-json\/wp\/v2\/media\/2269"}],"wp:attachment":[{"href":"https:\/\/see-ec.org\/wordpress\/wp-json\/wp\/v2\/media?parent=2267"}],"wp:term":[{"taxonomy":"product_brand","embeddable":true,"href":"https:\/\/see-ec.org\/wordpress\/wp-json\/wp\/v2\/product_brand?post=2267"},{"taxonomy":"product_cat","embeddable":true,"href":"https:\/\/see-ec.org\/wordpress\/wp-json\/wp\/v2\/product_cat?post=2267"},{"taxonomy":"product_tag","embeddable":true,"href":"https:\/\/see-ec.org\/wordpress\/wp-json\/wp\/v2\/product_tag?post=2267"}],"curies":[{"name":"wp","href":"https:\/\/api.w.org\/{rel}","templated":true}]}}