{"id":2184,"date":"2024-01-15T09:37:50","date_gmt":"2024-01-15T09:37:50","guid":{"rendered":"https:\/\/see-ec.org\/wordpress\/?post_type=product&#038;p=2184"},"modified":"2025-03-12T14:18:28","modified_gmt":"2025-03-12T19:18:28","slug":"despliegue-de-modelos-de-machine-learning-en-entornos-de-produccion","status":"publish","type":"product","link":"https:\/\/see-ec.org\/wordpress\/producto\/despliegue-de-modelos-de-machine-learning-en-entornos-de-produccion\/","title":{"rendered":"Despliegue de modelos de machine learning en entornos de producci\u00f3n"},"content":{"rendered":"<p><span style=\"font-weight: 400;\">El objetivo de este curso es proporcionar una visi\u00f3n general de todos los pasos necesarios para pasar un modelo de Machine Learning desde un entorno de investigaci\u00f3n y desarrollo (como un Jupiter Notebook) a una aplicaci\u00f3n front-end bien probada e implementada que sirva modelos de Machine Learning. El curso no se sumergir\u00e1 en detalles espec\u00edficos de MLOps, sino que est\u00e1 orientado a ayudarlo a comprender el proceso y el flujo de implementaci\u00f3n. Piense en esto como el primer paso para aprender a ofrecer valor con el Machine Learning.<\/span><\/p>\n<h3>Contenido<\/h3>\n<ul>\n<li>Desarrollo y Empaquetado de Modelos de ML<\/li>\n<li>Introducci\u00f3n al Despliegue de Modelos de ML<\/li>\n<li>Implementaci\u00f3n de Modelos de ML v\u00eda REST API<\/li>\n<li>Desarrollo de Aplicaciones Web de ML &lt;Front-End&gt;<\/li>\n<li>Contenerizaci\u00f3n de Modelos y Aplicaciones de ML con Docker<\/li>\n<li>Despliegue y Monitorizaci\u00f3n de Aplicaciones de ML en Amazon Web Services\n<ul>\n<li>AWS basics<\/li>\n<li>Amazon Elastic Container Registry<\/li>\n<li>Amazon Elastic Beanstalk<\/li>\n<\/ul>\n<\/li>\n<li>Amazon CloudWatch<\/li>\n<\/ul>\n","protected":false},"excerpt":{"rendered":"<h3>Capacitadores<\/h3>\n<h3>Roberto Esteves, Ing.<\/h3>\n<p>Ing. Sistemas por vocaci\u00f3n y marketero por decisi\u00f3n, tiene 18 a\u00f1os de experiencia en Marketing Digital en banca, junto a manejo de innovaci\u00f3n y tecnolog\u00eda en \u00e1reas como medios de comunicaci\u00f3n y empresas de telecomunicaciones.<br \/>\nSubdirector del n\u00facleo Guayas de la Sociedad Ecuatoriana de Estad\u00edstica, cuenta con un Nanodegreee en Procesamiento de Lenguaje Natural y Ciencia de Datos, Postgrado en Data Science y Machine Learning.<br \/>\nConsultor de marketing y comunicaci\u00f3n, se ha dedicado al estudio del comportamiento de los usuarios en redes sociales para encontrar insights que permitan elaborar mejores campa\u00f1as.<\/p>\n<h3>Gabriel Villacis, Ing.<\/h3>\n<p>Arquitecto de Software con m\u00e1s de 8 a\u00f1os de experiencia liderando el dise\u00f1o e implementaci\u00f3n de soluciones de software de misi\u00f3n cr\u00edtica para industrias como: banca, comercio, marketing y telecomunicaciones.<br \/>\nExperto en el desarrollo de aplicaciones nativas de la nube basadas en microservicios y contenedores.<br \/>\nHa participado en varios proyectos de Machine Learning e Inteligencia Artificial a gran escala.<\/p>\n","protected":false},"featured_media":2186,"template":"","meta":{"nf_dc_page":"","content-type":"","om_disable_all_campaigns":false,"_uag_custom_page_level_css":"","_monsterinsights_skip_tracking":false,"_monsterinsights_sitenote_active":false,"_monsterinsights_sitenote_note":"","_monsterinsights_sitenote_category":0,"_uf_show_specific_survey":0,"_uf_disable_surveys":false},"product_brand":[],"product_cat":[35,37,44],"product_tag":[],"class_list":{"0":"post-2184","1":"product","2":"type-product","3":"status-publish","4":"has-post-thumbnail","6":"product_cat-data-science","7":"product_cat-inteligencia-artificial","8":"product_cat-python","10":"first","11":"outofstock","12":"shipping-taxable","13":"product-type-simple"},"aioseo_notices":[],"uagb_featured_image_src":{"full":["https:\/\/i0.wp.com\/see-ec.org\/wordpress\/wp-content\/uploads\/2024\/01\/DESPLIEGUE-DE-MODELOS-DE-MACHINE-LEARNING-EN-ENTORNOS-DE-PRODUCCION.png?fit=1000%2C1000&ssl=1",1000,1000,false],"thumbnail":["https:\/\/i0.wp.com\/see-ec.org\/wordpress\/wp-content\/uploads\/2024\/01\/DESPLIEGUE-DE-MODELOS-DE-MACHINE-LEARNING-EN-ENTORNOS-DE-PRODUCCION.png?resize=150%2C150&ssl=1",150,150,true],"medium":["https:\/\/i0.wp.com\/see-ec.org\/wordpress\/wp-content\/uploads\/2024\/01\/DESPLIEGUE-DE-MODELOS-DE-MACHINE-LEARNING-EN-ENTORNOS-DE-PRODUCCION.png?fit=300%2C300&ssl=1",300,300,true],"medium_large":["https:\/\/i0.wp.com\/see-ec.org\/wordpress\/wp-content\/uploads\/2024\/01\/DESPLIEGUE-DE-MODELOS-DE-MACHINE-LEARNING-EN-ENTORNOS-DE-PRODUCCION.png?fit=678%2C678&ssl=1",678,678,true],"large":["https:\/\/i0.wp.com\/see-ec.org\/wordpress\/wp-content\/uploads\/2024\/01\/DESPLIEGUE-DE-MODELOS-DE-MACHINE-LEARNING-EN-ENTORNOS-DE-PRODUCCION.png?fit=678%2C678&ssl=1",678,678,true],"1536x1536":["https:\/\/i0.wp.com\/see-ec.org\/wordpress\/wp-content\/uploads\/2024\/01\/DESPLIEGUE-DE-MODELOS-DE-MACHINE-LEARNING-EN-ENTORNOS-DE-PRODUCCION.png?fit=1000%2C1000&ssl=1",1000,1000,true],"2048x2048":["https:\/\/i0.wp.com\/see-ec.org\/wordpress\/wp-content\/uploads\/2024\/01\/DESPLIEGUE-DE-MODELOS-DE-MACHINE-LEARNING-EN-ENTORNOS-DE-PRODUCCION.png?fit=1000%2C1000&ssl=1",1000,1000,true],"post-thumbnail":["https:\/\/i0.wp.com\/see-ec.org\/wordpress\/wp-content\/uploads\/2024\/01\/DESPLIEGUE-DE-MODELOS-DE-MACHINE-LEARNING-EN-ENTORNOS-DE-PRODUCCION.png?resize=150%2C150&ssl=1",150,150,true],"gurukul-related":["https:\/\/i0.wp.com\/see-ec.org\/wordpress\/wp-content\/uploads\/2024\/01\/DESPLIEGUE-DE-MODELOS-DE-MACHINE-LEARNING-EN-ENTORNOS-DE-PRODUCCION.png?resize=200%2C125&ssl=1",200,125,true],"woocommerce_thumbnail":["https:\/\/see-ec.org\/wordpress\/wp-content\/uploads\/2024\/01\/DESPLIEGUE-DE-MODELOS-DE-MACHINE-LEARNING-EN-ENTORNOS-DE-PRODUCCION-300x300.png",300,300,true],"woocommerce_single":["https:\/\/see-ec.org\/wordpress\/wp-content\/uploads\/2024\/01\/DESPLIEGUE-DE-MODELOS-DE-MACHINE-LEARNING-EN-ENTORNOS-DE-PRODUCCION.png",600,600,false],"woocommerce_gallery_thumbnail":["https:\/\/see-ec.org\/wordpress\/wp-content\/uploads\/2024\/01\/DESPLIEGUE-DE-MODELOS-DE-MACHINE-LEARNING-EN-ENTORNOS-DE-PRODUCCION-100x100.png",100,100,true]},"uagb_author_info":{"display_name":"see.ecuador2","author_link":"https:\/\/see-ec.org\/wordpress\/author\/"},"uagb_comment_info":0,"uagb_excerpt":"Capacitadores Roberto Esteves, Ing. Ing. Sistemas por vocaci\u00f3n y marketero por decisi\u00f3n, tiene 18 a\u00f1os de experiencia en Marketing Digital en banca, junto a manejo de innovaci\u00f3n y tecnolog\u00eda en \u00e1reas como medios de comunicaci\u00f3n y empresas de telecomunicaciones. Subdirector del n\u00facleo Guayas de la Sociedad Ecuatoriana de Estad\u00edstica, cuenta con un Nanodegreee en Procesamiento&hellip;","jetpack_sharing_enabled":true,"_links":{"self":[{"href":"https:\/\/see-ec.org\/wordpress\/wp-json\/wp\/v2\/product\/2184","targetHints":{"allow":["GET"]}}],"collection":[{"href":"https:\/\/see-ec.org\/wordpress\/wp-json\/wp\/v2\/product"}],"about":[{"href":"https:\/\/see-ec.org\/wordpress\/wp-json\/wp\/v2\/types\/product"}],"wp:featuredmedia":[{"embeddable":true,"href":"https:\/\/see-ec.org\/wordpress\/wp-json\/wp\/v2\/media\/2186"}],"wp:attachment":[{"href":"https:\/\/see-ec.org\/wordpress\/wp-json\/wp\/v2\/media?parent=2184"}],"wp:term":[{"taxonomy":"product_brand","embeddable":true,"href":"https:\/\/see-ec.org\/wordpress\/wp-json\/wp\/v2\/product_brand?post=2184"},{"taxonomy":"product_cat","embeddable":true,"href":"https:\/\/see-ec.org\/wordpress\/wp-json\/wp\/v2\/product_cat?post=2184"},{"taxonomy":"product_tag","embeddable":true,"href":"https:\/\/see-ec.org\/wordpress\/wp-json\/wp\/v2\/product_tag?post=2184"}],"curies":[{"name":"wp","href":"https:\/\/api.w.org\/{rel}","templated":true}]}}