{"id":2177,"date":"2024-01-15T09:30:26","date_gmt":"2024-01-15T09:30:26","guid":{"rendered":"https:\/\/see-ec.org\/wordpress\/?post_type=product&#038;p=2177"},"modified":"2024-01-15T09:30:28","modified_gmt":"2024-01-15T09:30:28","slug":"data-storytelling","status":"publish","type":"product","link":"https:\/\/see-ec.org\/wordpress\/producto\/data-storytelling\/","title":{"rendered":"Data Storytelling"},"content":{"rendered":"<p>El objetivo de este curso es desarrollar y fortalecer las habilidades para la comunicaci\u00f3n de ideas efectivas en dashboard e informes, utilizando t\u00e9cnicas para disminuir carga cognitiva y facilitar el uso correcto del objeto visual que permita un mejor entendimiento e induzca a una exploraci\u00f3n ordenada todo esto apoyado en referentes elementos literarios.<br \/>\nSe busca que el estudiante adquiera habilidades de an\u00e1lisis e interpretaci\u00f3n y comunicaci\u00f3n de datos en cualquier \u00e1mbito profesional y de la vida cotidiana.<\/p>\n<h3>Contenido<\/h3>\n<ul>\n<li>Presentaciones efectivas, comunicaci\u00f3n de ideas, construcci\u00f3n del mensaje<\/li>\n<li>Introducci\u00f3n a la estrategia con datos<\/li>\n<li>Selecci\u00f3n de Visual Adecuado<\/li>\n<li>Atenci\u00f3n de audiencia y principios de percepci\u00f3n visual<\/li>\n<li>Infograf\u00edas: Fundamentos, conceptos y tipolog\u00eda<\/li>\n<li>Buenas Pr\u00e1cticas de Storytelling<\/li>\n<li>Estrategia de Persuasi\u00f3n: El zigzag, empat\u00eda, llamado a la acci\u00f3n<\/li>\n<li>Mi propia Historia: Elevator Pitch, Personal branding<\/li>\n<li>Estructura de las Historias, Pir\u00e1mide de freytag<\/li>\n<li>Presente del storytelling: Narrative Science, Charisma.ai, Arria NLG, Synthesia entre otros<\/li>\n<li>Casos de Estudio, Aplicaciones en Power BI<\/li>\n<\/ul>\n","protected":false},"excerpt":{"rendered":"<h3>Capacitador<\/h3>\n<h3>\u00c1ngel Catagua, Ing.<\/h3>\n<p>Storyteller por INCAE, Data Science, Ingeniero en estad\u00edstica inform\u00e1tica, chef profesional y director del n\u00facleo Guayas de la SEE.<br \/>\nCon 12 a\u00f1os de experiencia como l\u00edder de implementaci\u00f3n de proyectos de ciencia de datos, inteligencia de negocio y anal\u00edtica en VITAPRO, CRECOSCORP y Junta de Beneficencia de Guayaquil. Investigador en bioestad\u00edstica.<br \/>\nActualmente se desempe\u00f1a como Coordinador Corporativo de BI en una de las empresas l\u00edderes de mercado en el sector acuicultor: Vitapro y como capacitador en temas de anal\u00edtica e inteligencia de negocios.<\/p>\n","protected":false},"featured_media":2179,"template":"","meta":{"nf_dc_page":"","content-type":"","om_disable_all_campaigns":false,"_uag_custom_page_level_css":"","_monsterinsights_skip_tracking":false,"_monsterinsights_sitenote_active":false,"_monsterinsights_sitenote_note":"","_monsterinsights_sitenote_category":0,"_uf_show_specific_survey":0,"_uf_disable_surveys":false},"product_brand":[],"product_cat":[34],"product_tag":[],"class_list":{"0":"post-2177","1":"product","2":"type-product","3":"status-publish","4":"has-post-thumbnail","6":"product_cat-bi-y-reporteria","8":"first","9":"outofstock","10":"shipping-taxable","11":"purchasable","12":"product-type-simple"},"aioseo_notices":[],"uagb_featured_image_src":{"full":["https:\/\/i0.wp.com\/see-ec.org\/wordpress\/wp-content\/uploads\/2024\/01\/DATA-STORYTELLING.png?fit=1000%2C1000&ssl=1",1000,1000,false],"thumbnail":["https:\/\/i0.wp.com\/see-ec.org\/wordpress\/wp-content\/uploads\/2024\/01\/DATA-STORYTELLING.png?resize=150%2C150&ssl=1",150,150,true],"medium":["https:\/\/i0.wp.com\/see-ec.org\/wordpress\/wp-content\/uploads\/2024\/01\/DATA-STORYTELLING.png?fit=300%2C300&ssl=1",300,300,true],"medium_large":["https:\/\/i0.wp.com\/see-ec.org\/wordpress\/wp-content\/uploads\/2024\/01\/DATA-STORYTELLING.png?fit=678%2C678&ssl=1",678,678,true],"large":["https:\/\/i0.wp.com\/see-ec.org\/wordpress\/wp-content\/uploads\/2024\/01\/DATA-STORYTELLING.png?fit=678%2C678&ssl=1",678,678,true],"1536x1536":["https:\/\/i0.wp.com\/see-ec.org\/wordpress\/wp-content\/uploads\/2024\/01\/DATA-STORYTELLING.png?fit=1000%2C1000&ssl=1",1000,1000,true],"2048x2048":["https:\/\/i0.wp.com\/see-ec.org\/wordpress\/wp-content\/uploads\/2024\/01\/DATA-STORYTELLING.png?fit=1000%2C1000&ssl=1",1000,1000,true],"post-thumbnail":["https:\/\/i0.wp.com\/see-ec.org\/wordpress\/wp-content\/uploads\/2024\/01\/DATA-STORYTELLING.png?resize=150%2C150&ssl=1",150,150,true],"gurukul-related":["https:\/\/i0.wp.com\/see-ec.org\/wordpress\/wp-content\/uploads\/2024\/01\/DATA-STORYTELLING.png?resize=200%2C125&ssl=1",200,125,true],"woocommerce_thumbnail":["https:\/\/see-ec.org\/wordpress\/wp-content\/uploads\/2024\/01\/DATA-STORYTELLING-300x300.png",300,300,true],"woocommerce_single":["https:\/\/see-ec.org\/wordpress\/wp-content\/uploads\/2024\/01\/DATA-STORYTELLING.png",600,600,false],"woocommerce_gallery_thumbnail":["https:\/\/see-ec.org\/wordpress\/wp-content\/uploads\/2024\/01\/DATA-STORYTELLING-100x100.png",100,100,true]},"uagb_author_info":{"display_name":"see.ecuador2","author_link":"https:\/\/see-ec.org\/wordpress\/author\/"},"uagb_comment_info":0,"uagb_excerpt":"Capacitador \u00c1ngel Catagua, Ing. Storyteller por INCAE, Data Science, Ingeniero en estad\u00edstica inform\u00e1tica, chef profesional y director del n\u00facleo Guayas de la SEE. Con 12 a\u00f1os de experiencia como l\u00edder de implementaci\u00f3n de proyectos de ciencia de datos, inteligencia de negocio y anal\u00edtica en VITAPRO, CRECOSCORP y Junta de Beneficencia de Guayaquil. Investigador en bioestad\u00edstica.&hellip;","jetpack_sharing_enabled":true,"_links":{"self":[{"href":"https:\/\/see-ec.org\/wordpress\/wp-json\/wp\/v2\/product\/2177","targetHints":{"allow":["GET"]}}],"collection":[{"href":"https:\/\/see-ec.org\/wordpress\/wp-json\/wp\/v2\/product"}],"about":[{"href":"https:\/\/see-ec.org\/wordpress\/wp-json\/wp\/v2\/types\/product"}],"wp:featuredmedia":[{"embeddable":true,"href":"https:\/\/see-ec.org\/wordpress\/wp-json\/wp\/v2\/media\/2179"}],"wp:attachment":[{"href":"https:\/\/see-ec.org\/wordpress\/wp-json\/wp\/v2\/media?parent=2177"}],"wp:term":[{"taxonomy":"product_brand","embeddable":true,"href":"https:\/\/see-ec.org\/wordpress\/wp-json\/wp\/v2\/product_brand?post=2177"},{"taxonomy":"product_cat","embeddable":true,"href":"https:\/\/see-ec.org\/wordpress\/wp-json\/wp\/v2\/product_cat?post=2177"},{"taxonomy":"product_tag","embeddable":true,"href":"https:\/\/see-ec.org\/wordpress\/wp-json\/wp\/v2\/product_tag?post=2177"}],"curies":[{"name":"wp","href":"https:\/\/api.w.org\/{rel}","templated":true}]}}