{"id":342,"date":"2022-02-26T01:54:55","date_gmt":"2022-02-26T01:54:55","guid":{"rendered":"https:\/\/see-ec.org\/wordpress\/?page_id=342"},"modified":"2022-03-17T03:21:01","modified_gmt":"2022-03-17T03:21:01","slug":"generacion-de-conocimiento","status":"publish","type":"page","link":"https:\/\/see-ec.org\/wordpress\/generacion-de-conocimiento\/","title":{"rendered":"Generaci\u00f3n de Conocimiento"},"content":{"rendered":"\n<p>Fomentamos el uso de las mejores pr\u00e1cticas estad\u00edsticas, as\u00ed como la actualizaci\u00f3n permanente de los conocimientos.<\/p>\n","protected":false},"excerpt":{"rendered":"<p>Fomentamos el uso de las mejores pr\u00e1cticas estad\u00edsticas, as\u00ed como la actualizaci\u00f3n permanente de los conocimientos.<\/p>\n","protected":false},"author":1,"featured_media":0,"parent":0,"menu_order":0,"comment_status":"closed","ping_status":"closed","template":"","meta":{"nf_dc_page":"","content-type":"","om_disable_all_campaigns":false,"_uag_custom_page_level_css":"","_monsterinsights_skip_tracking":false,"_monsterinsights_sitenote_active":false,"_monsterinsights_sitenote_note":"","_monsterinsights_sitenote_category":0,"_uf_show_specific_survey":0,"_uf_disable_surveys":false,"footnotes":""},"class_list":["post-342","page","type-page","status-publish","hentry"],"aioseo_notices":[],"uagb_featured_image_src":{"full":false,"thumbnail":false,"medium":false,"medium_large":false,"large":false,"1536x1536":false,"2048x2048":false,"post-thumbnail":false,"gurukul-related":false,"woocommerce_thumbnail":false,"woocommerce_single":false,"woocommerce_gallery_thumbnail":false},"uagb_author_info":{"display_name":"see.ecuador2","author_link":"https:\/\/see-ec.org\/wordpress\/author\/see-ecuador2\/"},"uagb_comment_info":0,"uagb_excerpt":"Fomentamos el uso de las mejores pr\u00e1cticas estad\u00edsticas, as\u00ed como la actualizaci\u00f3n permanente de los conocimientos.","jetpack_sharing_enabled":true,"_links":{"self":[{"href":"https:\/\/see-ec.org\/wordpress\/wp-json\/wp\/v2\/pages\/342","targetHints":{"allow":["GET"]}}],"collection":[{"href":"https:\/\/see-ec.org\/wordpress\/wp-json\/wp\/v2\/pages"}],"about":[{"href":"https:\/\/see-ec.org\/wordpress\/wp-json\/wp\/v2\/types\/page"}],"author":[{"embeddable":true,"href":"https:\/\/see-ec.org\/wordpress\/wp-json\/wp\/v2\/users\/1"}],"replies":[{"embeddable":true,"href":"https:\/\/see-ec.org\/wordpress\/wp-json\/wp\/v2\/comments?post=342"}],"version-history":[{"count":5,"href":"https:\/\/see-ec.org\/wordpress\/wp-json\/wp\/v2\/pages\/342\/revisions"}],"predecessor-version":[{"id":1067,"href":"https:\/\/see-ec.org\/wordpress\/wp-json\/wp\/v2\/pages\/342\/revisions\/1067"}],"wp:attachment":[{"href":"https:\/\/see-ec.org\/wordpress\/wp-json\/wp\/v2\/media?parent=342"}],"curies":[{"name":"wp","href":"https:\/\/api.w.org\/{rel}","templated":true}]}}